{"id":8,"date":"2024-01-15T17:23:18","date_gmt":"2024-01-15T16:23:18","guid":{"rendered":"https:\/\/lipoedemkampagne.de\/?page_id=8"},"modified":"2024-01-26T08:52:35","modified_gmt":"2024-01-26T07:52:35","slug":"homepage","status":"publish","type":"page","link":"https:\/\/lipoedemkampagne.de\/","title":{"rendered":"Homepage"},"content":{"rendered":"\n<div class=\"wp-block-cover alignfull\" style=\"min-height:100vh;aspect-ratio:unset;\"><span aria-hidden=\"true\" class=\"wp-block-cover__background has-background-dim-20 has-background-dim\"><\/span><img loading=\"lazy\" decoding=\"async\" width=\"2267\" height=\"1512\" class=\"wp-block-cover__image-background wp-image-74\" alt=\"\" src=\"https:\/\/lipoedemkampagne.de\/wp-content\/uploads\/2024\/01\/LipoedemShootingBerlinBearbeitet-87-2.jpg\" data-object-fit=\"cover\" srcset=\"https:\/\/lipoedemkampagne.de\/wp-content\/uploads\/2024\/01\/LipoedemShootingBerlinBearbeitet-87-2.jpg 2267w, https:\/\/lipoedemkampagne.de\/wp-content\/uploads\/2024\/01\/LipoedemShootingBerlinBearbeitet-87-2-300x200.jpg 300w, https:\/\/lipoedemkampagne.de\/wp-content\/uploads\/2024\/01\/LipoedemShootingBerlinBearbeitet-87-2-1024x683.jpg 1024w, https:\/\/lipoedemkampagne.de\/wp-content\/uploads\/2024\/01\/LipoedemShootingBerlinBearbeitet-87-2-2000x1334.jpg 2000w\" sizes=\"auto, (max-width: 2267px) 100vw, 2267px\" \/><div class=\"wp-block-cover__inner-container has-global-padding is-layout-constrained wp-block-cover-is-layout-constrained\">\n<p class=\"has-text-align-center has-white-color has-text-color has-max-60-font-size\" style=\"font-style:normal;font-weight:900;line-height:1.2\">Lip\u00f6dem \u2013<br><strong>Eine von 4 Millionen<\/strong><\/p>\n\n\n\n<p class=\"has-text-align-center has-white-color has-text-color has-medium-font-size\">Wir wollen gesehen, geh\u00f6rt und verstanden werden.<br>#lip\u00f6demkampagne<\/p>\n<\/div><\/div>\n\n\n\n<div class=\"wp-block-group has-global-padding is-layout-constrained wp-block-group-is-layout-constrained\">\n<div style=\"height:57px\" aria-hidden=\"true\" class=\"wp-block-spacer\"><\/div>\n\n\n\n<h2 class=\"wp-block-heading has-text-align-center has-medium-font-size\" style=\"letter-spacing:1px\">STELL DIR FOLGENDES VOR&#8230;<\/h2>\n\n\n\n<p class=\"has-text-align-center\">Die T\u00fcr der Arztpraxis f\u00e4llt zu und jetzt steht die Patientin alleine da. Nach vielen Untersuchungen hat sie jetzt endlich eine Diagnose: Lip\u00f6dem. Zu Hause setzt sie sich vor den Rechner und recherchiert, denn sie hat Fragen, viele Fragen, unendlich viele Fragen.<\/p>\n\n\n\n<p class=\"has-text-align-center\">Dieses Szenario passiert so oder so \u00e4hnlich jeden Tag Frauen in Deutschland.<\/p>\n\n\n\n<p class=\"has-text-align-center\">Die Krankheit Lip\u00f6dem ist in der Gesellschaft immernoch kaum bekannt, wird bel\u00e4chelt, oftmals als Adipositas abgestempelt, nicht ernst genommen. Dass Frauen mit ihrer Erkrankung alleine da stehen, teilweise sogar Ablehnung von Familie und Freunde erfahren m\u00fcssen, stigmatisiert und gehatet werden \u2013 das darf so nicht mehr passieren.<\/p>\n\n\n\n<p class=\"has-text-align-center\">Deshalb ist es wichtig, zu informieren, aufzukl\u00e4ren, zu erl\u00e4utern, und Hilfestellungen zu geben.&nbsp;Informationen, die leicht verst\u00e4ndlich sind und nicht noch mehr Fragen aufwerfen. Aufkl\u00e4rung, die ankommt &#8211; in der kompletten Gesellschaft.&nbsp;Erl\u00e4uterungen, die mit Mythen und Missverst\u00e4ndnissen aufr\u00e4umen.&nbsp;Hilfestellungen, die wirklich weiterbringen und unterst\u00fctzen.&nbsp;<\/p>\n\n\n\n<div style=\"height:57px\" aria-hidden=\"true\" class=\"wp-block-spacer\"><\/div>\n<\/div>\n\n\n\n<div class=\"wp-block-group alignfull pattern_multiple_covers has-background has-global-padding is-layout-constrained wp-block-group-is-layout-constrained\" id=\"services\" style=\"background-color:#fff7eb\">\n<div style=\"height:84px\" aria-hidden=\"true\" class=\"wp-block-spacer\"><\/div>\n\n\n\n<p class=\"has-text-align-left has-text-color\" style=\"color:#e57342;letter-spacing:1px\">GEMEINSAM MEHR ERREICHEN<\/p>\n\n\n\n<h2 class=\"wp-block-heading has-text-align-left\">Von der Community \u2013 f\u00fcr die Community<\/h2>\n\n\n\n<p>F\u00fcr diese deutschlandweite Kampagne ziehen alle Betroffenen aus der Lip\u00f6dem-Community an einem Strang. Wir wollen etwas bewegen \u2013 gemeinsam! Dabei ist es egal, welches Stadium die Frauen haben, welchen Weg sie gehen, ob sie sich operieren lassen wollen oder nicht. Aber nicht nur Betroffene sollen sich einbringen, sondern auch Hersteller, Industrie, \u00c4rzte, Politiker und viele, an die wir gerade vielleicht noch nicht denken. Nur so k\u00f6nnen wir es schaffen, eine gro\u00dfe und aufmerksamkeitsstarke Kampagne zu entwickeln, die lange nachhallt. Denn wir wollen eine Ver\u00e4nderung \u2013 f\u00fcr alle Frauen, die schon mit ihrem Lip\u00f6dem leben, f\u00fcr alle Frauen, die gerade erst erkrankt sind und auch f\u00fcr alle Frauen, die in Zukunft erkranken werden. Wir sind uns sicher, wenn mehr Frauen wissentlich betroffen sind, wird auch der Druck auf die Politik steigen, etwas zu ver\u00e4ndern.<\/p>\n\n\n\n<p>Wir haben klare Ziele, die wir in den Fokus r\u00fccken wollen. Wir Betroffenen erhoffen uns:<\/p>\n\n\n\n<div style=\"height:46px\" aria-hidden=\"true\" class=\"wp-block-spacer\"><\/div>\n\n\n\n<div class=\"wp-block-columns is-layout-flex wp-container-core-columns-is-layout-28f84493 wp-block-columns-is-layout-flex\">\n<div class=\"wp-block-column is-layout-flow wp-block-column-is-layout-flow\" style=\"padding-top:0;padding-right:0;padding-bottom:0;padding-left:0\">\n<div class=\"wp-block-cover has-custom-content-position is-position-bottom-center\" style=\"padding-top:var(--wp--preset--spacing--small);padding-right:var(--wp--preset--spacing--x-small);padding-bottom:var(--wp--preset--spacing--small);padding-left:var(--wp--preset--spacing--x-small)\"><span aria-hidden=\"true\" class=\"wp-block-cover__background has-primary-background-color has-background-dim-30 has-background-dim\"><\/span><img loading=\"lazy\" decoding=\"async\" width=\"1250\" height=\"1667\" class=\"wp-block-cover__image-background wp-image-57\" alt=\"\" src=\"https:\/\/lipoedemkampagne.de\/wp-content\/uploads\/2024\/01\/LK_Vorhaben2.jpg\" style=\"object-position:35% 66%\" data-object-fit=\"cover\" data-object-position=\"35% 66%\" srcset=\"https:\/\/lipoedemkampagne.de\/wp-content\/uploads\/2024\/01\/LK_Vorhaben2.jpg 1250w, https:\/\/lipoedemkampagne.de\/wp-content\/uploads\/2024\/01\/LK_Vorhaben2-225x300.jpg 225w, https:\/\/lipoedemkampagne.de\/wp-content\/uploads\/2024\/01\/LK_Vorhaben2-768x1024.jpg 768w\" sizes=\"auto, (max-width: 1250px) 100vw, 1250px\" \/><div class=\"wp-block-cover__inner-container is-layout-flow wp-block-cover-is-layout-flow\">\n<h3 class=\"wp-block-heading has-text-align-center has-white-color has-text-color has-medium-font-size\" style=\"margin-top:0;margin-right:0;margin-bottom:0;margin-left:0\">Bedarfsgerechte Versorgung f\u00fcr alle Betroffenen<\/h3>\n<\/div><\/div>\n<\/div>\n\n\n\n<div class=\"wp-block-column is-layout-flow wp-block-column-is-layout-flow\" style=\"padding-top:0;padding-right:0;padding-bottom:0;padding-left:0\">\n<div class=\"wp-block-cover has-custom-content-position is-position-bottom-center\" style=\"padding-top:var(--wp--preset--spacing--small);padding-right:var(--wp--preset--spacing--x-small);padding-bottom:var(--wp--preset--spacing--small);padding-left:var(--wp--preset--spacing--x-small)\"><span aria-hidden=\"true\" class=\"wp-block-cover__background has-primary-background-color has-background-dim-30 has-background-dim\"><\/span><img loading=\"lazy\" decoding=\"async\" width=\"1250\" height=\"1667\" class=\"wp-block-cover__image-background wp-image-58\" alt=\"\" src=\"https:\/\/lipoedemkampagne.de\/wp-content\/uploads\/2024\/01\/LK_Vorhaben.jpg\" data-object-fit=\"cover\" srcset=\"https:\/\/lipoedemkampagne.de\/wp-content\/uploads\/2024\/01\/LK_Vorhaben.jpg 1250w, https:\/\/lipoedemkampagne.de\/wp-content\/uploads\/2024\/01\/LK_Vorhaben-225x300.jpg 225w, https:\/\/lipoedemkampagne.de\/wp-content\/uploads\/2024\/01\/LK_Vorhaben-768x1024.jpg 768w\" sizes=\"auto, (max-width: 1250px) 100vw, 1250px\" \/><div class=\"wp-block-cover__inner-container is-layout-flow wp-block-cover-is-layout-flow\">\n<h3 class=\"wp-block-heading has-text-align-center has-white-color has-text-color has-medium-font-size\" style=\"margin-top:0;margin-right:0;margin-bottom:0;margin-left:0\"> Entstigmatisierung des Lip\u00f6dems<\/h3>\n<\/div><\/div>\n<\/div>\n\n\n\n<div class=\"wp-block-column is-layout-flow wp-block-column-is-layout-flow\" style=\"padding-top:0;padding-right:0;padding-bottom:0;padding-left:0\">\n<div class=\"wp-block-cover has-custom-content-position is-position-bottom-center\" style=\"padding-top:var(--wp--preset--spacing--small);padding-right:var(--wp--preset--spacing--x-small);padding-bottom:var(--wp--preset--spacing--small);padding-left:var(--wp--preset--spacing--x-small)\"><span aria-hidden=\"true\" class=\"wp-block-cover__background has-primary-background-color has-background-dim-30 has-background-dim\"><\/span><img loading=\"lazy\" decoding=\"async\" width=\"1250\" height=\"1667\" class=\"wp-block-cover__image-background wp-image-59\" alt=\"\" src=\"https:\/\/lipoedemkampagne.de\/wp-content\/uploads\/2024\/01\/LK_Vorhaben3.jpg\" data-object-fit=\"cover\" srcset=\"https:\/\/lipoedemkampagne.de\/wp-content\/uploads\/2024\/01\/LK_Vorhaben3.jpg 1250w, https:\/\/lipoedemkampagne.de\/wp-content\/uploads\/2024\/01\/LK_Vorhaben3-225x300.jpg 225w, https:\/\/lipoedemkampagne.de\/wp-content\/uploads\/2024\/01\/LK_Vorhaben3-768x1024.jpg 768w\" sizes=\"auto, (max-width: 1250px) 100vw, 1250px\" \/><div class=\"wp-block-cover__inner-container is-layout-flow wp-block-cover-is-layout-flow\">\n<h3 class=\"wp-block-heading has-text-align-center has-white-color has-text-color has-medium-font-size\" style=\"margin-top:0;margin-right:0;margin-bottom:0;margin-left:0\">Anerkennung der Kompressionsversorgung als medizinisches Hilfsmittel, wie z. B. eine Brille oder ein Diabetes-Sensor<\/h3>\n<\/div><\/div>\n<\/div>\n<\/div>\n\n\n\n<div style=\"height:46px\" aria-hidden=\"true\" class=\"wp-block-spacer\"><\/div>\n\n\n\n<p class=\"has-text-align-left has-text-color\" style=\"color:#e57342;letter-spacing:1px\">DIE VISION<\/p>\n\n\n\n<h2 class=\"wp-block-heading has-text-align-left\">Was genau soll umgesetzt werden?<\/h2>\n\n\n\n<p>Wir wollen eine Aufkl\u00e4rungs-Kampagne, die pr\u00e4gnant und positiv auf das Lip\u00f6dem aufmerksam macht. Kern der Kampagne soll eine Website sein, die besonders f\u00fcr Betroffene, aber auch f\u00fcr Angeh\u00f6rige und Freunde und auch f\u00fcr die interessierte \u00d6ffentlichkeit konkrete Informationen und Hilfestellungen an die Hand gibt.<\/p>\n\n\n\n<p>Beispielsweise kann bei Verdacht auf Lip\u00f6dem ein Selbsttest durchgef\u00fchrt werden oder man kann sich Tipps f\u00fcr die erste Zeit nach der Diagnose einholen. Wichtig ist zudem, dass alle Therapieformen \u2013 also sowohl die konservative als auch die operative \u2013 sachlich und ohne jede Wertung vorgestellt werden. Alle Lip\u00f6dem-Betroffenen m\u00fcssen hier ihren eigenen Weg finden und das k\u00f6nnen sie nur, wenn sie genau wisseb, was hinter den einzelnen Therapiem\u00f6glichkeiten steckt. Zudem soll eine klare Abgrenzung zum Thema Adipositas geschaffen werden.<\/p>\n\n\n\n<p>Auch weiterf\u00fchrende Links zu beispielsweise Fachb\u00fcchern, Kompressionsherstellern, Sanit\u00e4tsh\u00e4usern, Fach\u00e4rzten, Selbsthilfegruppen, Lip\u00f6dem Vereinen sind denkbar, um die Betroffenen gleich zu passenden Angeboten zu f\u00fchren, die hilfreich f\u00fcr sie sind.<\/p>\n\n\n\n<p>Wer die Website besucht, soll das Rundum-Wissen-Paket zum Thema Lip\u00f6dem erhalten.<\/p>\n\n\n\n<div style=\"height:103px\" aria-hidden=\"true\" class=\"wp-block-spacer\"><\/div>\n<\/div>\n\n\n\n<div class=\"wp-block-group alignfull has-global-padding is-layout-constrained wp-block-group-is-layout-constrained\">\n<div class=\"wp-block-group has-global-padding is-layout-constrained wp-block-group-is-layout-constrained\" style=\"padding-top:var(--wp--preset--spacing--small);padding-bottom:var(--wp--preset--spacing--small)\">\n<div style=\"height:30px\" aria-hidden=\"true\" class=\"wp-block-spacer\"><\/div>\n\n\n\n<div class=\"wp-block-columns is-layout-flex wp-container-core-columns-is-layout-c375d253 wp-block-columns-is-layout-flex\">\n<div class=\"wp-block-column is-vertically-aligned-center is-layout-flow wp-block-column-is-layout-flow\">\n<h2 class=\"wp-block-heading has-medium-font-size\" style=\"text-transform:uppercase\">DIE ERSTEN SCHRITTE SIND GETAN<\/h2>\n\n\n\n<p>Die ersten Ideen haben wir schon gesammelt und Arbeitsgruppen zu bestimmten Themen gebildet. Es wurde uns eine eigene Kategorie von LymphNetzwerk zur Verf\u00fcgung gestellt. <\/p>\n\n\n\n<div class=\"wp-block-buttons is-horizontal is-content-justification-left is-layout-flex wp-container-core-buttons-is-layout-20be11b6 wp-block-buttons-is-layout-flex\">\n<div class=\"wp-block-button is-style-outline is-style-outline--1\"><a class=\"wp-block-button__link wp-element-button\" href=\"https:\/\/www.oedem-forum.de\/\" style=\"border-radius:0px\" target=\"_blank\" rel=\"noreferrer noopener\">ZUM FORUM<\/a><\/div>\n<\/div>\n<\/div>\n\n\n\n<div class=\"wp-block-column is-layout-flow wp-block-column-is-layout-flow\">\n<figure class=\"wp-block-image size-large\"><img loading=\"lazy\" decoding=\"async\" width=\"1024\" height=\"675\" src=\"https:\/\/lipoedemkampagne.de\/wp-content\/uploads\/2024\/01\/IMG_8091-1024x675.png\" alt=\"\" class=\"wp-image-70\" srcset=\"https:\/\/lipoedemkampagne.de\/wp-content\/uploads\/2024\/01\/IMG_8091-1024x675.png 1024w, https:\/\/lipoedemkampagne.de\/wp-content\/uploads\/2024\/01\/IMG_8091-300x198.png 300w, https:\/\/lipoedemkampagne.de\/wp-content\/uploads\/2024\/01\/IMG_8091.png 1179w\" sizes=\"auto, (max-width: 1024px) 100vw, 1024px\" \/><\/figure>\n<\/div>\n<\/div>\n\n\n\n<div style=\"height:30px\" aria-hidden=\"true\" class=\"wp-block-spacer\"><\/div>\n<\/div>\n<\/div>\n\n\n\n<div class=\"wp-block-group alignfull has-background has-global-padding is-layout-constrained wp-block-group-is-layout-constrained\" style=\"background-color:#fff7eb\">\n<div class=\"wp-block-group has-global-padding is-layout-constrained wp-block-group-is-layout-constrained\" style=\"padding-top:var(--wp--preset--spacing--small);padding-bottom:var(--wp--preset--spacing--small)\">\n<div style=\"height:30px\" aria-hidden=\"true\" class=\"wp-block-spacer\"><\/div>\n\n\n\n<div class=\"wp-block-columns are-vertically-aligned-center is-layout-flex wp-container-core-columns-is-layout-c375d253 wp-block-columns-is-layout-flex\">\n<div class=\"wp-block-column is-vertically-aligned-center is-layout-flow wp-block-column-is-layout-flow\">\n<figure class=\"wp-block-image size-large\"><img loading=\"lazy\" decoding=\"async\" width=\"1024\" height=\"681\" src=\"https:\/\/lipoedemkampagne.de\/wp-content\/uploads\/2024\/01\/IMG_8426-1024x681.png\" alt=\"\" class=\"wp-image-84\" srcset=\"https:\/\/lipoedemkampagne.de\/wp-content\/uploads\/2024\/01\/IMG_8426-1024x681.png 1024w, https:\/\/lipoedemkampagne.de\/wp-content\/uploads\/2024\/01\/IMG_8426-300x199.png 300w, https:\/\/lipoedemkampagne.de\/wp-content\/uploads\/2024\/01\/IMG_8426.png 1179w\" sizes=\"auto, (max-width: 1024px) 100vw, 1024px\" \/><\/figure>\n<\/div>\n\n\n\n<div class=\"wp-block-column is-vertically-aligned-center is-layout-flow wp-block-column-is-layout-flow\">\n<h2 class=\"wp-block-heading has-medium-font-size\" style=\"text-transform:uppercase\">DU M\u00d6CHTEST TEIL DAVON SEIN?<\/h2>\n\n\n\n<p>Du hast beispielsweise gute Ideen, willst bei der Planung dabei sein, kannst uns als Sponsor unterst\u00fctzen, bist gut in Gestaltung, Finanzen, Organisation, hast Freude an der Zusammenarbeit? Oder hast du Kontakte in der Politik, im Lymph-Netzwerk oder k\u00f6nntest finanzielle Mittel zur Verf\u00fcgung stellen?<br><\/p>\n\n\n\n<p>Dann melde dich im Forum an oder schreibe eine E-Mail. Wir k\u00f6nnen jede helfende Hand und jeden kreativen Kopf gebrauchen.<\/p>\n\n\n\n<div class=\"wp-block-buttons is-layout-flex wp-block-buttons-is-layout-flex\">\n<div class=\"wp-block-button is-style-outline is-style-outline--2\"><a class=\"wp-block-button__link wp-element-button\" href=\"mailto:hallo@lipoedemkampagne.de\" style=\"border-radius:0px\" target=\"_blank\" rel=\"noreferrer noopener\">E-MAIL SCHREIBEN<\/a><\/div>\n<\/div>\n<\/div>\n<\/div>\n\n\n\n<div style=\"height:30px\" aria-hidden=\"true\" class=\"wp-block-spacer\"><\/div>\n<\/div>\n<\/div>\n\n\n\n<div class=\"wp-block-group alignfull has-white-background-color has-background has-global-padding is-layout-constrained wp-block-group-is-layout-constrained\">\n<div class=\"wp-block-group has-global-padding is-layout-constrained wp-block-group-is-layout-constrained\" style=\"padding-top:var(--wp--preset--spacing--small);padding-bottom:var(--wp--preset--spacing--small)\">\n<div style=\"height:30px\" aria-hidden=\"true\" class=\"wp-block-spacer\"><\/div>\n\n\n\n<div class=\"wp-block-columns is-layout-flex wp-container-core-columns-is-layout-c375d253 wp-block-columns-is-layout-flex\">\n<div class=\"wp-block-column is-vertically-aligned-center is-layout-flow wp-block-column-is-layout-flow\">\n<h2 class=\"wp-block-heading has-medium-font-size\" style=\"text-transform:uppercase\">Alle profitieren davon, wenn die Aufkl\u00e4rung voran getrieben wird<\/h2>\n\n\n\n<p>Je mehr Betroffene von ihrer Krankheit wissen, umso mehr Austausch kann stattfinden. Von den Themen Liposuktion bis hin zur Flachstrick \u2013 wir sind viele \u2013 etwa 3,8 Millionen. Wir k\u00f6nnen und wir m\u00fcssen uns gegenseitig beistehen. Die #stronggirlsunited gewinnen somit besonders an Zusammenhalt und Akzeptanz. Und nat\u00fcrlich ist das auch f\u00fcr alle, die sich mit den Themen Lip\u00f6dem und Lymphologie auseinander setzen, ein echter Gewinn. \u00c4rzte, Sanit\u00e4tsh\u00e4user, Dienstleister, Handel und Industrie \u2013 alles verb\u00fcndet sich, um f\u00fcr Betroffene das Beste herauszuholen.<\/p>\n\n\n\n<p>Wir wollen zusammen laut werden! Denn nur so steigern wir den Druck auf Politik und Forschung. So gestalten wir unsere Zukunft als Lip\u00f6dem-Betroffene mit!<\/p>\n<\/div>\n\n\n\n<div class=\"wp-block-column is-layout-flow wp-block-column-is-layout-flow\">\n<figure class=\"wp-block-image size-large\"><img loading=\"lazy\" decoding=\"async\" width=\"1024\" height=\"666\" src=\"https:\/\/lipoedemkampagne.de\/wp-content\/uploads\/2024\/01\/IMG_8093-1024x666.png\" alt=\"\" class=\"wp-image-67\" srcset=\"https:\/\/lipoedemkampagne.de\/wp-content\/uploads\/2024\/01\/IMG_8093-1024x666.png 1024w, https:\/\/lipoedemkampagne.de\/wp-content\/uploads\/2024\/01\/IMG_8093-300x195.png 300w, https:\/\/lipoedemkampagne.de\/wp-content\/uploads\/2024\/01\/IMG_8093.png 1179w\" sizes=\"auto, (max-width: 1024px) 100vw, 1024px\" \/><\/figure>\n<\/div>\n<\/div>\n\n\n\n<div style=\"height:30px\" aria-hidden=\"true\" class=\"wp-block-spacer\"><\/div>\n<\/div>\n<\/div>\n\n\n\n<div class=\"wp-block-cover alignfull is-light has-parallax is-position-center-center\" style=\"border-radius:0px\"><span aria-hidden=\"true\" class=\"wp-block-cover__background has-black-background-color has-background-dim-40 has-background-dim\"><\/span><div role=\"img\" class=\"wp-block-cover__image-background wp-image-85 has-parallax\" style=\"background-position:50% 50%;background-image:url(https:\/\/lipoedemkampagne.de\/wp-content\/uploads\/2024\/01\/IMG_8425.png)\"><\/div><div class=\"wp-block-cover__inner-container is-layout-flow wp-block-cover-is-layout-flow\">\n<div class=\"wp-block-group has-global-padding is-layout-constrained wp-block-group-is-layout-constrained\">\n<h3 class=\"wp-block-heading has-text-align-center has-text-color has-medium-font-size\" style=\"color:#fffffa;text-transform:uppercase\">Unterst\u00fctz auch DU uns dabei!<\/h3>\n\n\n\n<p class=\"has-text-align-center has-white-color has-text-color\">Lass uns unsere Kr\u00e4fte b\u00fcndeln und gemeinsam Gro\u00dfes erreichen. Teile diese Seite gern \u00fcber deine sozialen Netzwerke. Nur so k\u00f6nnen wir wachsen und immer mehr Menschen auf das Thema aufmerksam machen. Eine Sammlung mit fertigen Vorlagen, die du einfach verwenden kannst, haben wir vorbereitet. Nutze doch auch gerne den Hashtag #lip\u00f6demkampagne.<\/p>\n\n\n\n<div style=\"height:31px\" aria-hidden=\"true\" class=\"wp-block-spacer\"><\/div>\n\n\n\n<div class=\"wp-block-buttons is-horizontal is-content-justification-center is-layout-flex wp-container-core-buttons-is-layout-03627597 wp-block-buttons-is-layout-flex\">\n<div class=\"wp-block-button is-style-outline is-style-outline--3\"><a class=\"wp-block-button__link has-white-color has-text-color wp-element-button\" href=\"https:\/\/www.dropbox.com\/scl\/fo\/fitk12d4a7apsmy7xwrsh\/h?rlkey=6ce4w8c8apzotw3gyxhj1b7zs&amp;dl=0\" style=\"border-radius:0px\" target=\"_blank\" rel=\"noreferrer noopener\">ZU DEN VORLAGEN<\/a><\/div>\n<\/div>\n<\/div>\n<\/div><\/div>\n\n\n\n<div id=\"partners\" class=\"wp-block-group has-global-padding is-content-justification-center is-layout-constrained wp-container-core-group-is-layout-dc06fb1d wp-block-group-is-layout-constrained\">\n<div style=\"height:57px\" aria-hidden=\"true\" class=\"wp-block-spacer\"><\/div>\n<\/div>\n\n\n\n<div id=\"team\" class=\"wp-block-group has-global-padding is-layout-constrained wp-block-group-is-layout-constrained\">\n<div class=\"wp-block-group is-layout-flow wp-block-group-is-layout-flow\">\n<p class=\"has-text-color has-link-color wp-elements-ee1a20efc0fdba0951f8517a1128871c\" style=\"color:#e57342\">DAS NETZWERK BAUT SICH AUF<\/p>\n\n\n\n<h2 class=\"wp-block-heading\">ERSTE SPONSOREN<\/h2>\n\n\n\n<p>Wir freuen uns, dass wir bereits in den Anf\u00e4ngen des Vorhabens schon starke Partner an Board begr\u00fc\u00dfen durften. <br>Wir freuen uns auf weitere Kontakte.<\/p>\n\n\n\n<div style=\"height:27px\" aria-hidden=\"true\" class=\"wp-block-spacer\"><\/div>\n\n\n\n<div style=\"height:0px\" aria-hidden=\"true\" class=\"wp-block-spacer\"><\/div>\n\n\n\n<div class=\"wp-block-columns is-layout-flex wp-container-core-columns-is-layout-28f84493 wp-block-columns-is-layout-flex\">\n<div class=\"wp-block-column is-style-default is-layout-flow wp-block-column-is-layout-flow\" style=\"border-style:none;border-width:0px;padding-top:0;padding-right:0;padding-bottom:0;padding-left:0\">\n<figure class=\"wp-block-image size-full is-style-default\"><img loading=\"lazy\" decoding=\"async\" width=\"2560\" height=\"768\" src=\"https:\/\/lipoedemkampagne.de\/wp-content\/uploads\/2024\/01\/Koop-1-scaled.jpg\" alt=\"\" class=\"wp-image-88\" srcset=\"https:\/\/lipoedemkampagne.de\/wp-content\/uploads\/2024\/01\/Koop-1-scaled.jpg 2560w, https:\/\/lipoedemkampagne.de\/wp-content\/uploads\/2024\/01\/Koop-1-300x90.jpg 300w, https:\/\/lipoedemkampagne.de\/wp-content\/uploads\/2024\/01\/Koop-1-1024x307.jpg 1024w, https:\/\/lipoedemkampagne.de\/wp-content\/uploads\/2024\/01\/Koop-1-2000x600.jpg 2000w\" sizes=\"auto, (max-width: 2560px) 100vw, 2560px\" \/><\/figure>\n<\/div>\n<\/div>\n\n\n\n<div style=\"height:81px\" aria-hidden=\"true\" class=\"wp-block-spacer\"><\/div>\n<\/div>\n<\/div>\n","protected":false},"excerpt":{"rendered":"<p>STELL DIR FOLGENDES VOR&#8230; Die T\u00fcr der Arztpraxis f\u00e4llt zu und jetzt steht die Patientin alleine da. Nach vielen Untersuchungen hat sie jetzt endlich eine Diagnose: Lip\u00f6dem. Zu Hause setzt sie sich vor den Rechner und recherchiert, denn sie hat Fragen, viele Fragen, unendlich viele Fragen. Dieses Szenario passiert so oder so \u00e4hnlich jeden Tag &hellip; <\/p>\n<p class=\"link-more\"><a href=\"https:\/\/lipoedemkampagne.de\/\" class=\"more-link\">Read more<span class=\"screen-reader-text\"> &#8220;Homepage&#8221;<\/span><\/a><\/p>\n","protected":false},"author":1,"featured_media":0,"parent":0,"menu_order":0,"comment_status":"closed","ping_status":"closed","template":"page-templates\/homepage-no-hero.php","meta":{"footnotes":""},"class_list":["post-8","page","type-page","status-publish","hentry"],"_links":{"self":[{"href":"https:\/\/lipoedemkampagne.de\/index.php?rest_route=\/wp\/v2\/pages\/8","targetHints":{"allow":["GET"]}}],"collection":[{"href":"https:\/\/lipoedemkampagne.de\/index.php?rest_route=\/wp\/v2\/pages"}],"about":[{"href":"https:\/\/lipoedemkampagne.de\/index.php?rest_route=\/wp\/v2\/types\/page"}],"author":[{"embeddable":true,"href":"https:\/\/lipoedemkampagne.de\/index.php?rest_route=\/wp\/v2\/users\/1"}],"replies":[{"embeddable":true,"href":"https:\/\/lipoedemkampagne.de\/index.php?rest_route=%2Fwp%2Fv2%2Fcomments&post=8"}],"version-history":[{"count":34,"href":"https:\/\/lipoedemkampagne.de\/index.php?rest_route=\/wp\/v2\/pages\/8\/revisions"}],"predecessor-version":[{"id":90,"href":"https:\/\/lipoedemkampagne.de\/index.php?rest_route=\/wp\/v2\/pages\/8\/revisions\/90"}],"wp:attachment":[{"href":"https:\/\/lipoedemkampagne.de\/index.php?rest_route=%2Fwp%2Fv2%2Fmedia&parent=8"}],"curies":[{"name":"wp","href":"https:\/\/api.w.org\/{rel}","templated":true}]}}